Suppose -9*n + 8*n = 5. Let m = n - i. What are the prime factors of m?
7
Let w = 42 - 16. List the prime factors of w.
2, 13
Suppose 3*g + 17 + 40 = 0. Let r = g - -27. List the prime factors of r.
2
Let w = 7 - -53. List the prime factors of w.
2, 3, 5
Let r be 1/(3 - (-5)/(-2)). Suppose -s + 6 = r*s. Suppose -4*d - 2*c + 84 = 0, -4*c = d - 33 - s. What are the prime factors of d?
19
Let l be 1*(0 - (-86)/2). Suppose -4 = 3*c - l. List the prime factors of c.
13
Suppose 2*a - 4*c + 12 = 0, 2*a = -3*a - 5*c + 15. Suppose 0 = 5*p - a - 10. Suppose -p = 2*y - 40. What are the prime factors of y?
19
Suppose -2*h + 3 = -h. Let r(l) = -5 + 2*l**2 + 2 + 3*l + 0. What are the prime factors of r(h)?
2, 3
Suppose -u = -5*g - 45, -2*g - 45 = -2*u + u. List the prime factors of u.
3, 5
Let w be 4/26 - 466/(-13). Suppose 2*v = 3*t - w, 2*t - 4*v + 82 = 7*t. List the prime factors of t.
2, 7
Let r = 0 + 2. Suppose -3*c = -0*c + 9, r*d = 4*c + 60. Suppose i = -i + d. What are the prime factors of i?
2, 3
Let z be 1*-1 - (-66)/3. Suppose i - 4*a = -0*a - 3, 0 = -2*i - a + z. What are the prime factors of i?
3
Suppose -w = -2*c - 14 - 2, -3*c = -w + 12. Suppose -g + w = g. List the prime factors of g.
2, 3
Suppose w = -0*w + 30. Suppose 0 = s + 5*k - 3, 2*k = 2*s + 6*k - w. List the prime factors of s.
23
Let v = -11 - -28. What are the prime factors of v?
17
Let p(u) = -u**3 + 9*u**2 + 2*u - 8. Suppose -12 = -b - b + 2*j, 2*b = -j + 21. What are the prime factors of p(b)?
2, 5
Let a be -1 + 2 + -1 + 5. Let r(c) = -5 - 2*c - a + 0. List the prime factors of r(-7).
2
Let t(j) = -36*j - 2. List the prime factors of t(-1).
2, 17
Suppose -5*x + 0 = -25, -5*k + 5 = -3*x. Suppose k*s = -17 - 3. What are the prime factors of 61/3 - s/(-15)?
2, 5
Let u = -133 - -154. What are the prime factors of u?
3, 7
Suppose o = -3, 0 = -0*k + 3*k - 2*o - 129. List the prime factors of k.
41
Let f(r) = r**2 - 4*r - 6. Suppose -5*n - 18 = 2. Let m be f(n). Let h = m + -5. List the prime factors of h.
3, 7
Let r(o) = -o + 0*o - 2*o**3 - 2 + o**3 - o**2. Let k be (-3)/(2 + (-3)/6). What are the prime factors of r(k)?
2
Let z(l) = -l + 4. Let u be z(5). Let y = u - -14. List the prime factors of y.
13
Suppose 0 = -0*m - 2*m + 162. What are the prime factors of m?
3
Suppose -200 = -3*k - 2*k. Suppose -2*u - k = -6*u. What are the prime factors of u?
2, 5
Let k = 40 - 27. What are the prime factors of k?
13
Let s = 9 + 3. What are the prime factors of s?
2, 3
Let z(s) = -15*s + 2. What are the prime factors of z(-2)?
2
Let s(z) = 16*z**3 + 3*z**2 + 3*z + 2. Let k be s(-2). Let o be k/21 - (-2)/(-7). What are the prime factors of ((-9)/6)/(o/20)?
5
Suppose -3*t - t - 17 = -5*z, 2*z - 14 = -2*t. Suppose -t*u + 20 - 6 = 0. List the prime factors of u.
7
Suppose 0*t + 210 = 5*t. List the prime factors of t.
2, 3, 7
Let w = -1 + 1. Suppose 8 - 98 = -2*f - 5*r, w = -f - r + 42. Suppose -3*u = u - f. List the prime factors of u.
2, 5
Suppose 4*u = 2*u. Let s = u - -4. What are the prime factors of s?
2
Suppose 200 = 2*h - 4*f, -2*h + 7*h = 5*f + 515. What are the prime factors of h?
2, 53
Suppose 6*k + 120 = -0*k. Let o = -4 - k. What are the prime factors of o?
2
Suppose -2*p + 2*i + 99 + 635 = 0, -5*p + 4*i = -1831. What are the prime factors of p?
3, 11
Let m = 0 + 2. Suppose 0 = -m*q + 11 + 7. Let d = -2 + q. List the prime factors of d.
7
Suppose 3*f + 3 = -9, -o + 4*f = -12. What are the prime factors of (o/7)/(2/(-7))?
2
Suppose -3*t = -t - n - 11, 3*t = 2*n + 17. Suppose -2*z = -5*z + 3, -99 = -2*r + t*z. List the prime factors of r.
2, 13
List the prime factors of (1 - -1) + (0 - -44).
2, 23
Let u be ((-2)/3)/(1/9). Let l = 16 - u. Suppose 0 = y - 3*y + l. What are the prime factors of y?
11
Suppose -3*g = -0*g - 111. List the prime factors of g.
37
Let k(c) = -14*c**2 - 10*c + 5*c**3 - c**3 - 9*c**3 + 10. Let a(x) = x**3 + 3*x**2 + 2*x - 2. Let t(l) = 11*a(l) + 2*k(l). What are the prime factors of t(-3)?
2, 5
Let z = 9 - -18. List the prime factors of z.
3
Let j(b) = -3*b + 3. What are the prime factors of j(-5)?
2, 3
Suppose -2*g = 2*c + 2, -c + 4 + 20 = -4*g. Suppose 0 = -2*k + 4*q + 10, 3*k = 4*k - c*q + 3. List the prime factors of k.
13
Suppose 3*u - 4*v = -18, u + 4*v + 6 = -0. Let s = -4 - u. Suppose 5*a - 14 = -2*m, 0 = -s*m + 3*a - 4 + 2. What are the prime factors of m?
2
Let f(o) = 2*o**3 - o**2 + 3*o + 2. Let n be f(3). Suppose 0 = t + 3*t + n. What are the prime factors of -7*(20/t)/1?
2, 5
Suppose -19 = 5*c - 3*n, 0 = 3*c + 3*n + n - 6. Let w = c + 4. Let l = 7 + w. List the prime factors of l.
3
Let v(a) = a - 8. Let t be v(7). List the prime factors of (-2)/1*4*t.
2
Suppose 0 = 3*i - c - 1, -c = -1 - 4. Suppose -i*v + 6 = v. Suppose -v*d = -8 - 2. List the prime factors of d.
5
Suppose 2*r - 6 = -4. What are the prime factors of 18/(-4)*(-3 + r)?
3
Let m be (4/6)/(2/42). Suppose 5*g + 2*o - 46 = -m, 3*o = 3. List the prime factors of g.
2, 3
Let m(i) = 3 - i - 3*i**2 + 4*i**2 - i. What are the prime factors of m(6)?
3
Suppose 20 - 70 = -2*v. What are the prime factors of v?
5
Suppose 0 = 2*h - 32 - 10. Let d = 40 - h. What are the prime factors of d?
19
Let f(c) = 4*c**2 + 3*c + 1. Let j be f(-2). Let t = j + -6. List the prime factors of t.
5
Suppose -5*h - 4*w = -11 - 13, -4*w + 4 = 0. Suppose -2*r - h*d + 82 = 0, 2*d = -4*r - d + 184. Let c = r + -32. List the prime factors of c.
17
Suppose t - 2*a = 170, 0 = 5*a - 2*a + 6. List the prime factors of t.
2, 83
Suppose -6*a + 5*a = -16. What are the prime factors of a?
2
Let m = 5 + -6. List the prime factors of m/3 + (-40)/(-3).
13
Let i be (-1 - -2 - 0)*-31. Let j = -17 - i. What are the prime factors of (-2)/(-1) + j/2?
3
List the prime factors of (-4 + 66)/((-2)/(-3)).
3, 31
Let r(h) = -h**2 - 8*h - 10. Let a be r(-4). Let g(x) = 7*x + 1. Let y be g(1). Let j = y + a. What are the prime factors of j?
2, 7
Suppose -x - 5*o = 21, 3*x - x + o + 6 = 0. Let k be (6/(-4))/(x/12). List the prime factors of 4/k + (-388)/(-36).
11
Let b(n) be the first derivative of n**2/2 - n + 2. Let i be b(5). Suppose 4*k + i*p = 0, -p - 6 - 12 = -5*k. List the prime factors of k.
3
Let c(b) be the second derivative of -b**4/12 - 5*b**3/6 + 3*b**2 - b. Let t be c(-5). Suppose -5 = -s + t. What are the prime factors of s?
11
What are the prime factors of 20/(-4 - 1) + 46?
2, 3, 7
Suppose -2*u + 4 = -u. Suppose 0 = -u*z + 3*y + 124, -y + 24 = 2*z - z. Suppose t + z = 3*t. What are the prime factors of t?
2, 7
Let h(m) = 3*m**2 + 81. List the prime factors of h(0).
3
Let h(r) = r**2 - 2*r + 3. Let c(n) = 2*n**2 + n - 2. Let u be c(-2). What are the prime factors of h(u)?
11
Suppose -11*n + 15*n = 44. List the prime factors of n.
11
Let y = -8 - -14. Suppose y*u = u + 4*m + 12, u + 2*m = -6. Suppose u = 2*c - 6*c + 32. List the prime factors of c.
2
List the prime factors of (1 + 2)*(-6 + 11).
3, 5
Let f(u) = u**3 + 10*u**2 + 9*u - 2. Let y be f(-9). List the prime factors of (-276)/(-27) - y/(-9).
2, 5
Let x(n) = 11*n + 2*n**2 + 1 + 3 - n + 2. List the prime factors of x(-6).
2, 3
Let c be (0/(-1))/(-1*2). Let u be (1*(-1 - 0))/(-1). Suppose c = k - 9 + u. What are the prime factors of k?
2
Suppose -2*n - 4*g + 11 = -3*g, 3*n + 6 = 3*g. What are the prime factors of n?
3
Suppose -g + 5 - 4 = 0. Suppose 2*v - 13 = g. What are the prime factors of v?
7
Let y(b) = b - 10 + 3*b**2 - 2*b**2 + 4. What are the prime factors of y(-6)?
2, 3
List the prime factors of 1/4 - (-2007)/36.
2, 7
List the prime factors of (2/(-4))/((-8)/592).
37
Let h be (16/(-20))/(3/30). Let d = h + 15. List the prime factors of d.
7
What are the prime factors of 8/28 - 318/(-14)?
23
Suppose -75 - 29 = -2*m. Let c = m + -28. List the prime factors of c/(3 - 0) + 1.
3
Suppose -6*l + 285 = -l. What are the prime factors of l?
3, 19
Let a(k) = -5*k. Let r be a(-6). Suppose -2*t - 2*t - p + r = 0, -4*t + 34 = 3*p. List the prime factors of t.
7
Let x = 0 + 2. Suppose 0 = 2*r + 3*r - 10. Suppose x*h + r*j = -0*j + 10, 4*j - 11 = -3*h. What are the prime factors of h?
3
Let r = -1 + -1. Let l be 0/r*3/(-3). Suppose -4*k - j + 3 = 2*j, -5*k + j + 18 = l. What are the prime factors of k?
3
Let i = -93 + 219. Suppose i - 36 = 5*t. What are the prime factors of t?
2, 3
Let